.
-2
Evaluate 2 - (-5 + 9) - -5 - -3.
6
What is 1 + 2 - (-3 + 12)?
-6
What is 6 - (4 + -7) - (-3 + 7)?
5
What is 2 - (-2 + (7 - 0) + -8)?
5
What is 4 - (4 - -2) - 1?
-3
Calculate 0 - (4 - 3) - 2.
-3
What is 1 - -4 - (-18 - -20) - 10?
-7
What is 5 + -5 + -1 - -8?
7
-18 + 7 - (-5 + -1)
-5
-4 + 10 + -6 + -1
-1
2 + (-6 - (2 + -5))
-1
What is the value of -4 - 0 - ((-4 - 2) + 8)?
-6
What is 1 - (-1 - (2 - 3 - 0))?
1
What is the value of 0 - (-4 - (-1 + (5 - 13)))?
-5
Calculate -1 + 3 - -1 - 1.
2
What is the value of (2 - -3) + (-4 - (2 - -1))?
-2
Evaluate 3 + (-3 + -1 - -7) + -4.
2
-2 + 2 + (-6 + 0 - -8)
2
What is the value of -8 - (-5 + -1 + -5)?
3
Calculate -1 + -4 + -2 - 7 - -6.
-8
What is the value of 11 + (-8 - -4) + -3?
4
Evaluate -7 + -3 + 2 + 3 + 2.
-3
What is 2 + -2 + 5 + -10?
-5
(-4 - 2) + 3 - -2
-1
Evaluate 26 + -30 + 2 + -4 - -13.
7
What is the value of 2 + 9 - 9 - 5?
-3
What is the value of -4 + (3 - (-5 - -5))?
-1
Calculate -4 - 0 - -15 - (-1 - -7).
5
What is -3 + (6 - 5) + 3?
1
0 - (0 - 4 - (0 - 4))
0
What is (-1 - -11) + -1 + 6 + -11?
4
What is the value of 6 - (7 + (-6 - -5))?
0
Calculate 2 + (-6 + 2 - 4) + 3.
-3
What is (2 - -5) + (14 - 14)?
7
Evaluate 9 - (13 + 6 + -4).
-6
What is the value of -4 - -13 - 7 - -2?
4
-2 + (-3 - (-12 - (0 - 6)))
1
What is 1 + 6 + (-1 - 3) + 5?
8
-2 + 2 + 4 + 2
6
Calculate 0 - (12 - 14 - (2 + -5)).
-1
Calculate (-2 - 0) + -1 + 8 + 1.
6
What is -2 + 1 + -2 - 0 - 1?
-4
Calculate 3 + -8 + 5 + -3.
-3
What is the value of -4 + -2 + (-2 - -6) + 2?
0
What is 5 - ((16 - 14) + -5 + 1)?
7
What is (-9 - -12) + -1 + -2 + -2?
-2
What is 24 + -11 - 1 - 7?
5
Evaluate -6 + (8 + 1 - 5).
-2
7 + -5 - (2 + -2)
2
Evaluate 12 + (-11 - (1 - 6)) + 1.
7
3 - 1 - (-4 - -7 - 5)
4
What is (1 - -14) + 23 + -34?
4
-4 + (3 + 0 - 0)
-1
What is 5 + (-4 - -4) - (3 + 4)?
-2
What is the value of 1 + -5 - (-11 + 2 - -8)?
-3
Evaluate (12 - 5) + -13 + 4 + 0.
-2
What is the value of -2 - (-5 - (2 + -13 + 2))?
-6
Calculate -17 + 15 + -3 + 0.
-5
What is 3 + -9 + 22 + -24?
-8
Evaluate (-7 - (9 - 7)) + 6.
-3
What is 3 - 1 - (2 + 0)?
0
What is 1 + -6 - (-8 - -1)?
2
What is the value of 39 + -45 + (10 - (1 + 1))?
2
What is the value of 3 + 0 - (-23 - -11 - -15)?
0
What is 4 - 1 - (5 + 8)?
-10
-2 - (-6 + 7 + -4)
1
What is the value of (-5 - -5 - -1) + 4?
5
Calculate 0 + 7 - (-72 + 74).
5
Calculate (-16 - -11) + (0 + 6 - -2).
3
-104 - -93 - (-18 - -1)
6
Evaluate (12 - 5) + (-8 - -6).
5
What is the value of (4 - 1) + (4 - (10 + -8))?
5
2 + 11 + 0 - 4
9
14 + -3 + -6 + 4 - 4
5
What is the value of (-1 - -4) + (-63 - -61)?
1
-4 + (4 - (0 - -2) - 2)
-4
Calculate -4 - (-2 - (4 + 2)).
4
Evaluate (1 - (-1 - 3) - 2) + -3.
0
What is the value of 19 + -17 + (-1 - 2 - -1)?
0
2 + -9 + 7 + 1
1
What is the value of 25 + -23 - (2 + 1)?
-1
Evaluate 2 + 0 + (1 + 5 - 7).
1
0 + -4 + 2 + 7 + -10
-5
Evaluate -4 + -2 - (0 - (5 + 0)).
-1
Calculate (3 - 6) + -2 + 6 - 2.
-1
6 + (-4 - -8) + -8
2
What is 0 + (4 - 1 - (2 - 1))?
2
Calculate (-12 - -12) + 2 - (2 - 0).
0
What is the value of 10 + (-25 - (1 - 10))?
-6
Evaluate -2 + (2 - (5 + -2)).
-3
Calculate (0 - -4) + (0 - (-4 + 8)).
0
0 + -5 + -5 + 5
-5
Calculate (6 - 2) + -5 + 1 - 4.
-4
Evaluate -3 - (-3 + (1 - (-3 + 1))).
-3
Calculate (5 - 13 - -6) + 6.
4
3 + (-19 - (-3 + 2 + -7))
-8
What is 1 + 0 - 3 - 1?
-3
Evaluate (1 - -4) + -2 + -4 - -4.
3
What is the value of -13 + (7 - 3) + 4?
-5
What is (8 + -5 - 9) + 3 + 1?
-2
What is the value of -3 + (4 - (-1 - -4))?
-2
Evaluate (0 - (-2 + 0) - 4) + 0.
-2
Calculate (9 - (12 + -8)) + -6 + -2.
-3
What is 2 + -5 - 3 - -9?
3
What is the value of 3 - (6 - -1) - (-7 - 1)?
4
Calculate (3 - 2) + 4 + 2 - 1.
6
What is -8 + -15 + 26 + (0 - 1)?
2
Evaluate (-7 - (-1 - 0)) + 1 + 2.
-3
Calculate (-15 - -8) + 10 + 3 + 1.
7
What is 0 - -2 - 2 - -2?
2
What is the value of (4 - (5 - 0)) + (-3 - 3)?
-7
Calculate 26 + -21 - (-4 + 2).
7
Evaluate -6 - (-4 + (7 - 4) + 0).
-5
Evaluate -3 - -1 - (7 - 2) - 0.
-7
What is (-1 - 1) + (2 - 0) + 1?
1
-1 + 2 + 0 + 0 - -3
4
Evaluate -4 - (-5 + 1) - 4.
-4
Calculate 2 + 2 + (-11 - -6).
-1
Evaluate -9 + 0 + (4 - 0).
-5
1 - (5 - ((4 - 4) + 2))
-2
Calculate (-69 - -61) + 0 + 3.
-5
What is the value of (-6 - 0 - -6) + -3 - -8?
5
Calculate -3 - (7 + (-2 - 3)).
-5
What is -3 - (4 - 3) - -2?
-2
0 - (-2 + 4) - (101 - 109)
6
Evaluate 4 - 0 - 4 - (-5 + 1).
4
What is (-2 - 0) + 66 + -57?
7
What is the value of 0 - (1 - ((6 - -1) + -10))?
-4
What is the value of -3 + (5 - (6 - (15 - 4)))?
7
Evaluate (12 - 8) + 1 + -2.
3
-6 - (-13 + 13 - (4 - 3))
-5
Calculate (-1 - -8) + (4 - 8 - -1).
4
Evaluate -2 + 0 + (-22 - -24).
0
What is -4 - (2 - (9 + -2))?
1
What is the value of -5 + 8 + 0 + -2?
1
What is the value of 1 - (1 + -2 + 1)?
1
What is 11 - (-8 + -6 + 23)?
2
3 + (1 + -6 - (2 + 2))
-6
(30 - 24) + (0 - -1)
7
-9 - (0 - (1 + 3))
-5
Evaluate 9 + (10 - 24) - (-13 + 2).
6
-4 - ((4 - 6) + -3 - 2)
3
Calculate -5 - -9 - (0 + 5).
-1
What is the value of -33 - -38 - (-1 - 0)?
6
Calculate 0 - -1 - (-2 + -9 + 8).
4
What is the value of 1 + -7 - (-20 + 15)?
-1
Evaluate -2 - ((2 - (1 + 5)) + -5).
7
What is -9 - (-5 - 2) - -1?
-1
What is the value of 5 + 3 + -3 + 7 + -7?
5
Calculate (-37 - -43) + 1 + -4.
3
What is 6 + (12 - 4) - 4?
10
What is -1 + (7 + -4 - (1 - 0))?
1
(10 - 4) + -2 + -4
0
Evaluate 7 - -2 - 7 - 8.
-6
Calculate 2 - (1 + -3 + 2) - 1.
1
Evaluate -1 - -8 - (-56 + 60).
3
Calculate 15 + -29 + 11 + (7 - 0).
4
Calculate (-1 - 11) + -21 + 28.
-5
Evaluate -4 - (-3 - 0 - -3) - -9.
5
Evaluate 9 + -8 + -10 - -1.
-8
Evaluate 8 - (3 + (19 - 7) + -7).
0
What is (0 - -2) + -1 + -5?
-4
Calculate (-3 - 1) + -5 - -4.
-5
What is the value of (1 - 4) + 6 + -5?
-2
Evaluate -2 + -4 + (3 - (1 + -5)).
1
What is the value of -5 + (4 - -13) + -11 + 4?
5
Evaluate -1 + 6 - (-21 + 20).
6
What is 4 - (-1 - (-4 + -2) - 0)?
-1
Calculate 18 + -23 - (1 - 8).
2
Evaluate -2 - (-5 - (-4 - -2)).
1
What is the value of -5 + (-10 - -16) - 2?
-1
What is the value of 11 + -10 + -12 + 2?
-9
1 + -1 + 2 + -11 + 12
3
Calculate -7 + 3 - (-2 + -6).
4
What is -1 + (-1 - -4) + -8 + 6?
0
What is the value of -9 - ((-9 - 0) + 2)?
-2
-6 + 0 + (4 - (2 + 0))
-4
Evaluate -10 - (0 + 0 + -6) - -5.
1
What is the value of 8 + (3 + -12 - -4)?
3
Calculate (9 - 11) + 0 + -1.
-3
What is 12 - (4 + -6 + 21)?
-7
What is the value of -7 + 13 + 1 + 0 - 7?
0
What is the value of -1 + -1 + -5 + -1 + 11?
3
What is 1 + 0 - (14 + -13)?
0
-21 - -12 - (4 + -9)
-4
Calculate (1 - (5 - -1)) + 1 + 8.
4
What is the value of -24 + 24 - (1 - 1)?
0
What is the value of 1 - (4 - 2) - -3?
2
-1 + (12 - 16) - (-2 - -1)
-4
What is the value of -4 + -2 + 1 + -1?
-6
What is (0 - 2) + 6 + -8?
-4
Evaluate (4 - (-8 + 6)) + -12.
-6
What is -13 + 16 + (-1 - 10)?
-8
What is 5 + -1 + -4 + 1 + 2?
3
What is (16 - 9) + -5 + 1?
3
What is (-5 - -9) + (2 - 8)?
-2
What is 2 + (5 - 8 - 1)?
-2
What is the value of (-6 - (5 - (9 + -1))) + -1?
-4
Calculate (1 - -2) + (-24 - -24).
3
What is the value of 4 + -3 + -1 - (0 + 0)?
0
Calculate -1 - 0 - (4 + 15 + -13).
-7
Calculate 79 + -71 - (2 - (1 + 2)).
9
Calculate (1 - -2) + -2 - -3.
4
Evaluate (-4 - (2 + -3)) + 5.
2
-5 + 8 + 4 - 7
0
Calculate (-10 - (-3 - (-2 - 2))) + 5.
-6
What is 9 - (-12 - (-2 + -15))?
4
-1 + 1 + 1 + (12 - 9)
4
Calculate (-4 + 4 - 1) + 2.
1
What is the value of (-2 - (2 + 0)) + -7 + 7?
-4
Calculate -3 + (-5 - -7) - 1.
-2
17 + (-4 - 0) - 9
4
Calculate 4 + -9 + 4 + -2.
-3
-5 + -1 + 4 - -4
2
Evaluate 3 - (10 + -9 - 5).
7
Calculate 70 + -66 - (-1 - (-2 - -1)).
4
Calculate -1 - -2 - (27 - 21).
-5
What is 2 - ((-11 - -14) + (0 - 4))?
3
(1 - 0) + -6 + -2 + 3
-4
Evaluate 7 - (7 + 15 + -4 + -3).
-8
What is the value of -2 + (2 - -2) - -2 - 8?
-4
Calculate 10 - (-16 + 7 + 13).
6
-1 + (5 - (3 + 8))
-7
Calculate (-4 - (-9 - 2)) + -15.
-8
4 + (-15 - (4 + -11))
-4
What is the value of (4 - 0 - -4) + 6 + -8?
6
Calculate (-2 - -5) + (4 - 2).
5
What is the value of -3 + (-3 - (1 - 2 - 3))?
-2
What is 4 + (3 - (-2 + 6 + 1))?
2
Evaluate (0 + 1 - -4) + -2.
3
What is the value of (2 - (-2 - -1)) + (35 - 37)?
1
Calculate (6 - -1) + 22 + -23.
6
Evaluate 8 + (0 - 3) - -1.
6
Evaluate (6 - 2) + (-1 + -2 - -1).
2
Evaluate -1 + 1 + 9 + -5 + -6.
-2
2 + ((0 - 5) + -5 - -5)
-3
What is the value of 109 + -114 + 12 + -1?
6
What is the value of (26